{"id":168,"date":"2022-01-04T21:58:27","date_gmt":"2022-01-04T20:58:27","guid":{"rendered":"http:\/\/koradent.eu\/?page_id=168"},"modified":"2024-02-01T22:09:51","modified_gmt":"2024-02-01T21:09:51","slug":"obowiazek-informacyjny","status":"publish","type":"page","link":"https:\/\/koradent.eu\/?page_id=168","title":{"rendered":"obowi\u0105zek informacyjny"},"content":{"rendered":"<p align=\"JUSTIFY\"><span style=\"font-family: Verdana, serif;\"><span style=\"font-size: small;\"><b>SZANOWNI PA\u0143STWO<\/b><\/span><\/span><\/p>\n<p align=\"JUSTIFY\">\n<p align=\"JUSTIFY\"><span style=\"font-family: Verdana, serif;\"><span style=\"font-size: small;\">Zgodnie z art. 13 ust. 1 i 2 og\u00f3lnego rozporz\u0105dzenia o ochronie danych osobowych (RODO) z dnia 27 kwietnia 2016 r. informuj\u0119, i\u017c Administratorem Pani\/Pana danych osobowych jest firma GABINETY DENTYSTYCZNE KORADENT SP. Z O.O. z siedzib\u0105 w Warszawie, ul. Pu\u0142awska 233 lok. J, reprezentowana przez Piotra \u0141asi\u0144skiego.<\/span><\/span> <span style=\"font-family: Times New Roman, serif;\"><span style=\"font-size: medium;\"><span style=\"font-family: Verdana, serif;\"><span style=\"font-size: small;\">Inspektorem Ochrony Danych Osobowych jest Pani <\/span><\/span><span style=\"font-family: Verdana, serif;\"><span style=\"font-size: small;\">Monika Wojtal<\/span><\/span><span style=\"font-family: Verdana, serif;\"><span style=\"font-size: small;\">, tel. kontakt. +48<\/span><\/span><span style=\"font-family: Verdana, serif;\"><span style=\"font-size: small;\">505723363<\/span><\/span><span style=\"font-family: Verdana, serif;\"><span style=\"font-size: small;\">.<\/span><\/span><\/span><\/span> <span style=\"font-family: Verdana, serif;\"><span style=\"font-size: small;\">Pani\/Pana dane osobowe przetwarzane b\u0119d\u0105 w celu realizacji \u015bwiadcze\u0144 medycznych przez GABINETY DENTYSTYCZNE KORADENT SP. Z O.O. na podstawie art. 9 punkt 2h rozporz\u0105dzenia o ochronie danych osobowych (RODO) z dnia 27 kwietnia 2016 r. <\/span><\/span><\/p>\n<p align=\"JUSTIFY\">\n<p align=\"JUSTIFY\"><a name=\"_GoBack\"><\/a> <span style=\"font-family: Verdana, serif;\"><span style=\"font-size: small;\">Pani\/Pana dane osobowe b\u0119d\u0105 przechowywane przez okres 20 lat, licz\u0105c od ko\u0144ca roku kalendarzowego, w kt\u00f3rym GABINETY DENTYSTYCZNE KORADENT SP. Z O.O. posiada\u0142y jakikolwiek kontakt z Pani\u0105\/Panem. Posiada Pani\/Pan prawo dost\u0119pu do tre\u015bci swoich danych, prawo do ich sprostowania, wyra\u017cenia sprzeciwu przeciw przetwarzaniu Pani\/Pana danych osobowych oraz prawo do przenoszenia danych.Posiada Pani\/Pan prawo do wniesienia skargi do Organu nadzorczego, gdy uzna Pani\/Pan, i\u017c przetwarzanie danych osobowych dotycz\u0105cych Pani\/Pana narusza przepisy og\u00f3lnego rozporz\u0105dzenia o ochronie danych osobowych (RODO) z dnia 27 kwietnia 2016 r.Podanie przez Pani\u0105\/Pana danych osobowych jest wymaganiem prawnym i warunkiem udzielenia Pani\/Panu \u015bwiadcze\u0144 medycznych przez GABINETY DENTYSTYCZNE KORADENT SP. Z O.O. Pani\/Pana dane b\u0119d\u0105 przetwarzane w spos\u00f3b zautomatyzowany w systemach informatycznych obs\u0142ugi pacjenta.<\/span><\/span><\/p>\n<p align=\"JUSTIFY\">\n<p align=\"JUSTIFY\"><span style=\"font-family: Verdana, serif;\"><span style=\"font-size: small;\">Z powa\u017caniem<\/span><\/span><\/p>\n<p align=\"JUSTIFY\"><span style=\"font-family: Verdana, serif;\"><span style=\"font-size: small;\">PREZES ZARZ\u0104DU SP\u00d3\u0141KI<\/span><\/span><\/p>\n<p align=\"JUSTIFY\"><span style=\"font-family: Verdana, serif;\"><span style=\"font-size: small;\">Piotr \u0141asi\u0144ski<\/span><\/span><\/p>\n<p align=\"JUSTIFY\"><span style=\"font-family: Verdana, serif;\"><span style=\"font-size: small;\">Warszawa, dnia 01.01.2021<\/span><\/span><\/p>\n","protected":false},"excerpt":{"rendered":"<p>SZANOWNI PA\u0143STWO Zgodnie z art. 13 ust. 1 i 2 og\u00f3lnego rozporz\u0105dzenia o ochronie danych osobowych (RODO) z dnia 27 kwietnia 2016 r. informuj\u0119, i\u017c Administratorem Pani\/Pana danych osobowych jest firma GABINETY DENTYSTYCZNE KORADENT SP. Z O.O. z siedzib\u0105 w Warszawie, ul. Pu\u0142awska 233 lok. J, reprezentowana przez Piotra \u0141asi\u0144skiego. Inspektorem Ochrony Danych Osobowych jest &hellip; <a href=\"https:\/\/koradent.eu\/?page_id=168\" class=\"more-link\">Czytaj dalej <span class=\"screen-reader-text\">obowi\u0105zek informacyjny<\/span> <span class=\"meta-nav\">&rarr;<\/span><\/a><\/p>\n","protected":false},"author":1,"featured_media":0,"parent":0,"menu_order":0,"comment_status":"closed","ping_status":"open","template":"","meta":{"_themeisle_gutenberg_block_has_review":false,"footnotes":""},"class_list":["post-168","page","type-page","status-publish","hentry"],"_links":{"self":[{"href":"https:\/\/koradent.eu\/index.php?rest_route=\/wp\/v2\/pages\/168","targetHints":{"allow":["GET"]}}],"collection":[{"href":"https:\/\/koradent.eu\/index.php?rest_route=\/wp\/v2\/pages"}],"about":[{"href":"https:\/\/koradent.eu\/index.php?rest_route=\/wp\/v2\/types\/page"}],"author":[{"embeddable":true,"href":"https:\/\/koradent.eu\/index.php?rest_route=\/wp\/v2\/users\/1"}],"replies":[{"embeddable":true,"href":"https:\/\/koradent.eu\/index.php?rest_route=%2Fwp%2Fv2%2Fcomments&post=168"}],"version-history":[{"count":1,"href":"https:\/\/koradent.eu\/index.php?rest_route=\/wp\/v2\/pages\/168\/revisions"}],"predecessor-version":[{"id":169,"href":"https:\/\/koradent.eu\/index.php?rest_route=\/wp\/v2\/pages\/168\/revisions\/169"}],"wp:attachment":[{"href":"https:\/\/koradent.eu\/index.php?rest_route=%2Fwp%2Fv2%2Fmedia&parent=168"}],"curies":[{"name":"wp","href":"https:\/\/api.w.org\/{rel}","templated":true}]}}