{"id":14,"date":"2014-02-11T20:39:08","date_gmt":"2014-02-11T19:39:08","guid":{"rendered":"http:\/\/koradent.eu\/wp\/?page_id=14"},"modified":"2022-01-12T10:26:18","modified_gmt":"2022-01-12T09:26:18","slug":"kontakt","status":"publish","type":"page","link":"https:\/\/koradent.eu\/?page_id=14","title":{"rendered":"Kontakt"},"content":{"rendered":"<p class=\"intro\">Nasz adres:<\/p>\n<p>Gabinety Dentystyczne<br \/>\nKoradent Sp. z o.o.<br \/>\nul.Pu\u0142awska 233 lokal J<br \/>\n02-715 Warszawa<br \/>\ntel. 22 899 29 70<br \/>\ntel. 531 401 049<\/p>\n<p>NIP ( 521-34-53-797)<br \/>\nREGON (141081242)<\/p>\n<p>Gabinety Dentystyczne czynne s\u0105 od poniedzia\u0142ku do<\/p>\n<p>pi\u0105tku w godzinach od 10:00 do 20:00.<\/p>\n<p>&nbsp;<\/p>\n<p>Mo\u017cna tak\u017ce do nas pisa\u0107 na adres poczty elektronicznej:<\/p>\n<p><a href=\"mailto:gabinety@koradent.eu\"> gabinety@koradent.eu<\/a><\/p>\n<p>&nbsp;<\/p>\n","protected":false},"excerpt":{"rendered":"<p>Nasz adres: Gabinety Dentystyczne Koradent Sp. z o.o. ul.Pu\u0142awska 233 lokal J 02-715 Warszawa tel. 22 899 29 70 tel. 531 401 049 NIP ( 521-34-53-797) REGON (141081242) Gabinety Dentystyczne czynne s\u0105 od poniedzia\u0142ku do pi\u0105tku w godzinach od 10:00 do 20:00. &nbsp; Mo\u017cna tak\u017ce do nas pisa\u0107 na adres poczty elektronicznej: gabinety@koradent.eu &nbsp;<\/p>\n","protected":false},"author":1,"featured_media":0,"parent":0,"menu_order":7,"comment_status":"closed","ping_status":"closed","template":"","meta":{"_themeisle_gutenberg_block_has_review":false,"footnotes":""},"class_list":["post-14","page","type-page","status-publish","hentry"],"_links":{"self":[{"href":"https:\/\/koradent.eu\/index.php?rest_route=\/wp\/v2\/pages\/14","targetHints":{"allow":["GET"]}}],"collection":[{"href":"https:\/\/koradent.eu\/index.php?rest_route=\/wp\/v2\/pages"}],"about":[{"href":"https:\/\/koradent.eu\/index.php?rest_route=\/wp\/v2\/types\/page"}],"author":[{"embeddable":true,"href":"https:\/\/koradent.eu\/index.php?rest_route=\/wp\/v2\/users\/1"}],"replies":[{"embeddable":true,"href":"https:\/\/koradent.eu\/index.php?rest_route=%2Fwp%2Fv2%2Fcomments&post=14"}],"version-history":[{"count":5,"href":"https:\/\/koradent.eu\/index.php?rest_route=\/wp\/v2\/pages\/14\/revisions"}],"predecessor-version":[{"id":172,"href":"https:\/\/koradent.eu\/index.php?rest_route=\/wp\/v2\/pages\/14\/revisions\/172"}],"wp:attachment":[{"href":"https:\/\/koradent.eu\/index.php?rest_route=%2Fwp%2Fv2%2Fmedia&parent=14"}],"curies":[{"name":"wp","href":"https:\/\/api.w.org\/{rel}","templated":true}]}}